 + 6/(-15). Let v = c - -66. Suppose 3*t - v*t + 1467 = 0. Is t a composite number?
False
Suppose g = -5*s - 16, -2*g = -4*s - 5*g - 4. Is 2/s*1*(-13768)/4 prime?
True
Let j(w) = 36*w**2 + 14*w + 30. Let i be j(-8). Let c = i - 1299. Is c prime?
False
Let s be (-1)/(-3) + (-25)/(-15). Suppose -4*d + s*d = -h - 1688, 0 = 2*h + 4. Is d prime?
False
Suppose -5*f + 23606 = 3*l, 0 = -369*f + 366*f + 3. Is l prime?
True
Suppose 1327780 = -71*d + 5508899. Is d a composite number?
False
Suppose -21 = -2*o - 3*m - 10, -5*m = -5*o + 40. Is (-2 - -2170 - o)/1 a composite number?
False
Let f(w) = 3*w**2 + 15*w + 7. Let i(a) = a**2 + a + 1. Let x(y) = f(y) - 2*i(y). Suppose 5*v + 8 = 5*d - 92, -v = 4*d. Is x(v) a prime number?
True
Suppose 5*g + 1064 = -10996. Let d = 5309 + g. Is d a prime number?
True
Suppose -b = -f + 165692, -5*f + 828454 = 16*b - 15*b. Is f a composite number?
True
Let n = 4000 - -54787. Is n prime?
True
Let k be 8 + 6*10/(-15). Suppose -n + 14 - 1 = -4*m, 4*m + 100 = k*n. Suppose 91 = n*p - 28*p. Is p composite?
True
Suppose -9*f + 108 = 27*f. Suppose -f*q + 25206 = 3*t, 2*q + 25185 = 5*q - 4*t. Is q a composite number?
True
Let l(n) = -148479*n + 284. Is l(-1) composite?
False
Suppose 10*z - 4*z = 12594. Suppose 17*x = 16*x + z. Is x prime?
True
Suppose 3*l - 1 = -f, -2*l + f - 7 = -11. Let h(q) = 588*q**2 - 18*q + 17. Is h(l) composite?
False
Suppose 1397757 = 12*f - 975879. Is f a prime number?
True
Let i(c) = -2*c**3 + c**2 - c - 1. Let m be i(-1). Let a be 1 + (-6)/9 - 10/(-6). Suppose s = a*t - 4101, 3*s - 8207 = -t - m*t. Is t a composite number?
True
Suppose -3*t = -3*i, t - 4*i + 15 = -0*t. Suppose -497 = -m + y, 1432 + 1053 = t*m + y. Is m a composite number?
True
Let h = -138 + 461. Let x = h - -2310. Is x composite?
False
Let p(i) = -i + 4. Let x be p(1). Let h be 2*(x + -2)/(6/(-30)). Let d(t) = -22*t - 21. Is d(h) a prime number?
True
Is 3 + -248674*1/((-10)/20) a composite number?
False
Suppose 0 = -5*p - 39*p + 28346516. Is p a composite number?
False
Suppose 1347*v - 1344*v = -4*i + 1258474, -v = -4*i + 1258466. Is i a prime number?
False
Let p(l) = -382*l - 115. Let u be p(14). Let v = -1642 - u. Is v prime?
True
Let i(h) = 2454*h**2 - h + 2. Let z(p) = -4909*p**2 + 4*p - 5. Let g(x) = 5*i(x) + 2*z(x). Is g(1) prime?
False
Suppose 2*p + 15*p + 3672 = 0. Is 4 + p/52 - 9063/(-13) prime?
False
Suppose 5*w + v - 45 = 0, 71*v - 6 = -2*w + 73*v. Is ((-4)/12)/(w/(-491448)) a prime number?
True
Suppose -g - 4361190 = -31*g. Is g composite?
True
Suppose 0 = -19*p - 22310 - 47002. Suppose -10770 = 2*c - 5*x, 0*c + 10762 = -2*c + 3*x. Let q = p - c. Is q a composite number?
True
Let o be ((-26)/22 + 6/33)*-2. Suppose 14 = 3*b + j - 0, -o*b - j = -9. Is (b - -1)/(16/56) prime?
False
Let q(h) be the second derivative of 7*h**6/40 - h**5/30 + 7*h**4/24 - 10*h**3/3 - 17*h. Let a(p) be the second derivative of q(p). Is a(2) a composite number?
False
Let m(s) = s**2 - 14*s + 33. Let c be m(11). Suppose 5*l - 56 = -3*q, c*l - l + 18 = 4*q. Suppose 0 = w - 5*v + l*v - 353, 5*w = 2*v + 1765. Is w prime?
True
Let h(g) = 74435*g + 764. Is h(7) a composite number?
False
Let z(x) = -228*x**3 - 17*x**2 - 79*x - 71. Is z(-17) a prime number?
True
Suppose -2*i = j - 19238, -487*i + 486*i + 9629 = 3*j. Is i a prime number?
False
Suppose 104*w = 112*w - 16. Suppose 13*b - 114059 = w*b. Is b a prime number?
True
Let n(v) = -v - 15. Let j be n(-6). Let s be (j/2 + 5)*5438. Let f = -1448 + s. Is f prime?
False
Suppose y = -4*y + 325. Let u = 70 - y. Suppose 4*v - 5180 = 4*r, -4*r = -u*v + 4378 + 2093. Is v a prime number?
True
Let m(h) = -3*h + 11. Let l be m(2). Suppose l*i + 4*p = 7*p + 32702, i - 6538 = 3*p. Is i a prime number?
False
Let o = -8597 + 29685. Let f = o - 15007. Is f a composite number?
True
Let j be 112/64 - (-10)/8. Suppose -5*r + 34210 = 5*v, 5*r - 25987 = -j*v - 5459. Let l = v + -1178. Is l composite?
True
Let l(a) be the third derivative of -5*a**3 + 0 + 1/12*a**5 + 0*a**4 - 42*a**2 + 0*a. Is l(7) prime?
False
Suppose 27 = -2*w + 4*w + q, 0 = 5*w + 3*q - 65. Suppose 254759 = w*v - 188457. Is v composite?
False
Let g(v) = -6538*v + 4. Let c be g(-2). Let z = 19097 - c. Is z composite?
True
Let h(m) be the third derivative of 587*m**5/60 - 3*m**4/8 + 55*m**3/6 - 179*m**2. Is h(6) prime?
False
Suppose 5*z + 3*v = 129, 2*v = 2*z - 0*z - 42. Suppose -2*q + 24 = -4*u, 2*q - z = -2*q - 4*u. Suppose 0 = 2*a - q*a + 930. Is a composite?
True
Suppose 14*j - 1422175 - 107942 = 5*j. Is j a composite number?
True
Let f(i) = -31663*i + 1762. Is f(-13) composite?
True
Let s(j) = -6*j**2 + 33*j + 27*j**2 + 9*j**2 + 2 + 0. Is s(4) a prime number?
False
Is (-4)/36 - (24121720/(-36))/7 prime?
False
Let p(n) = -360*n - 4 - 11*n + 4 + 4. Let h be p(-3). Let t = -744 + h. Is t prime?
True
Let s = 7 + -4. Suppose s*a - 4*z = 4, 4*a + 5 = 5*a - 5*z. Suppose a = -4*y + 3695 + 629. Is y prime?
False
Let v(g) = 17*g**3 + 63*g**2 - 62*g - 99. Let j(u) = -4*u**3 - 16*u**2 + 16*u + 25. Let w(c) = 9*j(c) + 2*v(c). Is w(-14) a prime number?
False
Let v = 135725 - 90564. Is v composite?
False
Suppose 7*c + 720 = 27*c. Suppose 12244 = 40*a - c*a. Is a a prime number?
True
Suppose -b = 1, 2*s = -5*b + b - 12. Let t be 2*(9 + -4) + s. Let j(r) = 29*r**2 - 6*r + 23. Is j(t) a composite number?
False
Suppose 2*p = -4*p + 54. Let x be (-21)/p + 3 + (-20)/(-15). Suppose 4*r - 2*z - 3460 = 0, r - 3*r + x*z + 1734 = 0. Is r prime?
True
Let p(z) = -z**3 + 2*z**2 - 3*z + 6. Let j be p(2). Suppose -41*w + 30*w + 29359 = j. Is w composite?
True
Let s be 48/36 - 23/(-3). Suppose -s*b + 35 = -14*b. Is 6/(6/b)*-149 a prime number?
False
Is (-1*(-359624)/(-16))/(4/(-8)) prime?
True
Let y(u) = 21568*u - 135. Is y(1) prime?
True
Is (-3)/4*8925564/(-207) composite?
True
Suppose 3*y - 4*y - 4*y = 0. Suppose -147*p + 143*p + 11084 = y. Is p a prime number?
False
Let r be ((-150)/24)/(2/(-3920)). Let i = 18083 - r. Is i a composite number?
True
Let q = -6075 - -6492. Is q a composite number?
True
Let h(q) = 391*q**2 + 43*q + 59. Is h(8) prime?
False
Suppose 0 = -29*r + 13*r - 1680. Is 25602/21 + 15/r composite?
True
Let g(x) = 3043*x**2 - 50*x + 17. Let d be g(16). Suppose 23*l = -2*l + d. Is l a prime number?
False
Suppose 0*h = 3*h - 2*z - 103751, 4*h - 2*z - 138334 = 0. Suppose 5*x = 4*x + h. Is x a prime number?
True
Let v be ((-13)/26)/(215380/(-215376) - -1). Let r = 23581 + v. Is r prime?
True
Let c(n) = -39*n**3 + 6*n**2 + 9*n + 7. Let g = -120 + 117. Is c(g) composite?
False
Let z be 18/(-45) - 6/(-15) - -4854. Suppose -2 = -u, 4*d - 5*u = z + 11916. Is d prime?
False
Let t = -34 + 38. Is (t + -7526)/((-4)/2) prime?
True
Suppose 9 = -3*l, 69*j + 238585 = 71*j - l. Is j a composite number?
False
Let p = 46478 + 871563. Is p composite?
False
Let u(a) = 12876*a**2 - 73*a - 513. Is u(-10) a prime number?
True
Suppose 6*x + 170 = 11*x. Suppose -x = -3*l - 10. Is 3754/l + 4/(-16) composite?
True
Suppose 5223555 + 6661393 - 663134 = 62*u. Is u a prime number?
False
Let l(t) = 77*t - 22. Let q be (-6)/8 - (4 + (-15)/4). Let a be (-7)/(5/5)*q. Is l(a) composite?
True
Let t be ((-2)/(-6))/(20/120). Let v(d) = 0*d**2 + 6*d**t - 3*d + 3 + 76*d**3 - 81*d**3 + 4*d. Is v(-4) prime?
False
Let d be -1*(1 + -5 + 0). Let o(m) = 158*m**2 - 8*m - 3. Let v be o(4). Suppose 265 = -d*p + v. Is p composite?
False
Let v be 3 + 0 - (-3)/(-6)*98. Let j = v + 50. Is 19*31/2 - (-2)/j a composite number?
True
Let u(o) = 3402*o**2 + 40*o - 1035. Is u(22) a composite number?
False
Let x(o) = -3*o**3 + 42*o**2 - 13*o - 523. Is x(-29) a composite number?
False
Suppose 3*t - 82273 = 2*h, 2*h - 28 + 20 = 0. Is t a prime number?
True
Let f = 14748 + 57103. Is f prime?
False
Let y = -81118 - -142341. Is y a composite number?
False
Let m(a) be the third derivative of a**6/120 + a**5/6 - a**4/24 + 43*a**3/6 - 192*a**2. Is m(-8) a prime number?
True
Suppose 5*f - 759400 = i, -4*f - 17*i = -19*i - 607514. Is f prime?
False
Let z(a) = -a**2 - 8*a + 13. Let c be z(-9). Let m(l) = -l**3 + 4*l**2 + 4. Let n be m(c). Suppose n*w = -0*w - 8, -4*t - w + 3162 = 0. Is t composite?
True
Let j = 20236 - 10709. Let t(y) = y**2 - 54*y - 531. Let z be t(-9). Suppose z*u - 29*u = j. Is u a prime number?
True
Let f = -34 - 